{"id":296,"date":"2021-06-25T17:04:55","date_gmt":"2021-06-25T15:04:55","guid":{"rendered":"http:\/\/augiernathalie-psy.fr\/?page_id=296"},"modified":"2021-06-25T17:07:06","modified_gmt":"2021-06-25T15:07:06","slug":"dan-gilbert","status":"publish","type":"page","link":"https:\/\/augiernathalie-psy.fr\/index.php\/dan-gilbert\/","title":{"rendered":"Dan Gilbert"},"content":{"rendered":"\n<p>Le syst\u00e8me immunitaire Psychologique<\/p>\n\n\n\n<p>Dan Gilbert remet en question le fait que le bonheur est conditionn\u00e9 \u00e0 l\u2019obtention de ce que nous d\u00e9sirons. Il d\u00e9montre l\u2019existence d\u2019un syst\u00e8me immunitaire psychologique, processus cognitif inconscient qui permet \u00e0 l\u2019\u00eatre humain de \u00abfabriquer\u00bb son bonheur. Dan Gilbert souligne que \u00abnous fabriquons le bonheur alors que nous croyons que le bonheur se trouve \u00bb. Des \u00e9tudes montrent qu\u2019un an apr\u00e8s avoir perdu l\u2019usage de leurs jambes ou avoir gagn\u00e9 au loto, les gagnants de la loterie et les parapl\u00e9giques d\u00e9finissent le m\u00eame niveau de bonheur. En effet on a pu faire le constat que les \u00e9v\u00e9nements n\u00e9gatifs ont moins d\u2019impact (moins intense et plus \u00e9ph\u00e9m\u00e8re) que pr\u00e9vus ou que les gens imaginent. Les parapl\u00e9giques sont beaucoup moins malheureux dans l\u2019ensemble que ce que l\u2019on imagine. De m\u00eame les situations que nous imaginons plaisantes ont souvent moins de saveur que pr\u00e9vues. Les gagnants au loto finalement, un an apr\u00e8s leur gain, appr\u00e9cient plus difficilement les plaisirs du quotidien.<\/p>\n","protected":false},"excerpt":{"rendered":"<p>Le syst\u00e8me immunitaire Psychologique Dan Gilbert remet en question le fait que le bonheur est conditionn\u00e9 \u00e0 l\u2019obtention de ce que nous d\u00e9sirons. Il d\u00e9montre l\u2019existence d\u2019un syst\u00e8me immunitaire psychologique, processus cognitif inconscient qui permet \u00e0 l\u2019\u00eatre humain de \u00abfabriquer\u00bb son bonheur. Dan Gilbert souligne que \u00abnous fabriquons le bonheur alors que nous croyons que &hellip;<\/p>\n<p class=\"read-more\"> <a class=\"\" href=\"https:\/\/augiernathalie-psy.fr\/index.php\/dan-gilbert\/\"> <span class=\"screen-reader-text\">Dan Gilbert<\/span> Read More &raquo;<\/a><\/p>\n","protected":false},"author":1,"featured_media":0,"parent":0,"menu_order":0,"comment_status":"closed","ping_status":"closed","template":"","meta":{"footnotes":""},"class_list":["post-296","page","type-page","status-publish","hentry"],"_links":{"self":[{"href":"https:\/\/augiernathalie-psy.fr\/index.php\/wp-json\/wp\/v2\/pages\/296","targetHints":{"allow":["GET"]}}],"collection":[{"href":"https:\/\/augiernathalie-psy.fr\/index.php\/wp-json\/wp\/v2\/pages"}],"about":[{"href":"https:\/\/augiernathalie-psy.fr\/index.php\/wp-json\/wp\/v2\/types\/page"}],"author":[{"embeddable":true,"href":"https:\/\/augiernathalie-psy.fr\/index.php\/wp-json\/wp\/v2\/users\/1"}],"replies":[{"embeddable":true,"href":"https:\/\/augiernathalie-psy.fr\/index.php\/wp-json\/wp\/v2\/comments?post=296"}],"version-history":[{"count":2,"href":"https:\/\/augiernathalie-psy.fr\/index.php\/wp-json\/wp\/v2\/pages\/296\/revisions"}],"predecessor-version":[{"id":301,"href":"https:\/\/augiernathalie-psy.fr\/index.php\/wp-json\/wp\/v2\/pages\/296\/revisions\/301"}],"wp:attachment":[{"href":"https:\/\/augiernathalie-psy.fr\/index.php\/wp-json\/wp\/v2\/media?parent=296"}],"curies":[{"name":"wp","href":"https:\/\/api.w.org\/{rel}","templated":true}]}}